{"id":23,"date":"2022-01-22T01:44:53","date_gmt":"2022-01-22T00:44:53","guid":{"rendered":"http:\/\/godefridi.be\/?page_id=23"},"modified":"2022-01-24T08:04:26","modified_gmt":"2022-01-24T07:04:26","slug":"23-2","status":"publish","type":"page","link":"https:\/\/godefridi.be\/?page_id=23","title":{"rendered":"\u00c0 propos"},"content":{"rendered":"\n<p class=\"has-text-align-left\">Dipl\u00f4m\u00e9e en droit de l\u2019Universit\u00e9 Libre de Bruxelles en 2002 avec grande distinction.<br>Avocate au Barreau de Bruxelles depuis 2005.<br>R\u00e9guli\u00e8rement d\u00e9sign\u00e9e par les Tribunaux en qualit\u00e9 d\u2019administratrice provisoire des biens et\/ou des personnes.<br>R\u00e9guli\u00e8rement d\u00e9sign\u00e9e par les Tribunaux en qualit\u00e9 de m\u00e9diatrice de dettes.<br>Aide juridique en droit des \u00e9trangers<br>Donne r\u00e9guli\u00e8rement des formations dans les mati\u00e8res pratiqu\u00e9es au Centre d\u2019appui pour la m\u00e9diation de dettes.<\/p>\n","protected":false},"excerpt":{"rendered":"<p>Dipl\u00f4m\u00e9e en droit de l\u2019Universit\u00e9 Libre de Bruxelles en 2002 avec grande distinction.Avocate au Barreau de Bruxelles depuis 2005.R\u00e9guli\u00e8rement d\u00e9sign\u00e9e par les Tribunaux en qualit\u00e9 d\u2019administratrice provisoire des biens et\/ou &#8230;<\/p>\n","protected":false},"author":1,"featured_media":0,"parent":8,"menu_order":10,"comment_status":"closed","ping_status":"closed","template":"","meta":{"footnotes":""},"class_list":["post-23","page","type-page","status-publish","hentry"],"_links":{"self":[{"href":"https:\/\/godefridi.be\/index.php?rest_route=\/wp\/v2\/pages\/23","targetHints":{"allow":["GET"]}}],"collection":[{"href":"https:\/\/godefridi.be\/index.php?rest_route=\/wp\/v2\/pages"}],"about":[{"href":"https:\/\/godefridi.be\/index.php?rest_route=\/wp\/v2\/types\/page"}],"author":[{"embeddable":true,"href":"https:\/\/godefridi.be\/index.php?rest_route=\/wp\/v2\/users\/1"}],"replies":[{"embeddable":true,"href":"https:\/\/godefridi.be\/index.php?rest_route=%2Fwp%2Fv2%2Fcomments&post=23"}],"version-history":[{"count":4,"href":"https:\/\/godefridi.be\/index.php?rest_route=\/wp\/v2\/pages\/23\/revisions"}],"predecessor-version":[{"id":79,"href":"https:\/\/godefridi.be\/index.php?rest_route=\/wp\/v2\/pages\/23\/revisions\/79"}],"up":[{"embeddable":true,"href":"https:\/\/godefridi.be\/index.php?rest_route=\/wp\/v2\/pages\/8"}],"wp:attachment":[{"href":"https:\/\/godefridi.be\/index.php?rest_route=%2Fwp%2Fv2%2Fmedia&parent=23"}],"curies":[{"name":"wp","href":"https:\/\/api.w.org\/{rel}","templated":true}]}}