{"id":19,"date":"2022-01-22T01:41:19","date_gmt":"2022-01-22T00:41:19","guid":{"rendered":"http:\/\/godefridi.be\/?page_id=19"},"modified":"2022-01-24T08:13:38","modified_gmt":"2022-01-24T07:13:38","slug":"nos-competences","status":"publish","type":"page","link":"https:\/\/godefridi.be\/?page_id=19","title":{"rendered":""},"content":{"rendered":"\n<ul class=\"wp-block-list\"><li>Droit des assurances<\/li><li>Droit des baux<\/li><li>Droit civil g\u00e9n\u00e9ral<\/li><li>Droit de la circulation routi\u00e8re<\/li><li>Droits des contrats<\/li><li>Droit des \u00e9trangers<\/li><li>Droit de la responsabilit\u00e9<\/li><li>R\u00e9cup\u00e9ration de cr\u00e9ances<\/li><\/ul>\n","protected":false},"excerpt":{"rendered":"<p>Droit des assurances Droit des baux Droit civil g\u00e9n\u00e9ral Droit de la circulation routi\u00e8re Droits des contrats Droit des \u00e9trangers Droit de la responsabilit\u00e9 R\u00e9cup\u00e9ration de cr\u00e9ances<\/p>\n","protected":false},"author":1,"featured_media":0,"parent":8,"menu_order":20,"comment_status":"closed","ping_status":"closed","template":"","meta":{"footnotes":""},"class_list":["post-19","page","type-page","status-publish","hentry"],"_links":{"self":[{"href":"https:\/\/godefridi.be\/index.php?rest_route=\/wp\/v2\/pages\/19","targetHints":{"allow":["GET"]}}],"collection":[{"href":"https:\/\/godefridi.be\/index.php?rest_route=\/wp\/v2\/pages"}],"about":[{"href":"https:\/\/godefridi.be\/index.php?rest_route=\/wp\/v2\/types\/page"}],"author":[{"embeddable":true,"href":"https:\/\/godefridi.be\/index.php?rest_route=\/wp\/v2\/users\/1"}],"replies":[{"embeddable":true,"href":"https:\/\/godefridi.be\/index.php?rest_route=%2Fwp%2Fv2%2Fcomments&post=19"}],"version-history":[{"count":4,"href":"https:\/\/godefridi.be\/index.php?rest_route=\/wp\/v2\/pages\/19\/revisions"}],"predecessor-version":[{"id":84,"href":"https:\/\/godefridi.be\/index.php?rest_route=\/wp\/v2\/pages\/19\/revisions\/84"}],"up":[{"embeddable":true,"href":"https:\/\/godefridi.be\/index.php?rest_route=\/wp\/v2\/pages\/8"}],"wp:attachment":[{"href":"https:\/\/godefridi.be\/index.php?rest_route=%2Fwp%2Fv2%2Fmedia&parent=19"}],"curies":[{"name":"wp","href":"https:\/\/api.w.org\/{rel}","templated":true}]}}